8. What is the units digit of r?
5
Suppose 3*s + 4*i = -52, 5*i - i = -16. What is the units digit of 7*1 - s/(-6)?
5
Suppose 3*q + 6 = 3*p, -4*q - 2*p + 4 = -0*p. Suppose -5*c + 6 = 1. Let h = c + q. What is the units digit of h?
1
Let l be ((-27)/(-6))/(2/4). Let r = 13 - l. Suppose 2*q = 3 + 3, -5*z + r*q + 3 = 0. What is the units digit of z?
3
Suppose 0 = -2*w - y + 2, -4*w = 3*y - 2. Suppose 3*f = -5*k + 396, 0 = -2*f - w*f + 5*k + 528. What is the units digit of 2/(-8) + f/16?
8
Suppose 3*r - 2*j + 7*j = 389, -2*r + 255 = -j. What is the hundreds digit of r?
1
Let f(t) = -t + 8. Suppose -6 = 5*j - 41. Let p be f(j). What is the units digit of p*-1 + 1 + 7?
7
Let u = -3 + 5. Suppose -k + 0*k = -u. What is the units digit of k?
2
Let k be (1/(-2))/((-8)/32). Suppose -89 = -k*c - 3*z, -5*c - 2*z = -0*z - 228. What is the tens digit of c?
4
Let t = -58 + 136. What is the tens digit of t?
7
Suppose 2*c = f + f + 4, 5*f = 3*c - 8. Suppose -c = k + 1. What is the tens digit of k/4 + 100/8?
1
Let z be (-10)/6*(-3 - 0). Suppose -40 = -0*o - z*o. What is the units digit of o?
8
Let g(q) = 2*q**3 + q**2 + 3*q - 2. Let x(m) = m**2 - m. Let u be x(2). Let z be g(u). What is the tens digit of ((-10)/8)/((-3)/z)?
1
Let q = 177 - 79. What is the units digit of q?
8
Let m = 21 - 32. Let w(o) = -o**2 - 13*o - 15. What is the units digit of w(m)?
7
Let h = -9 + 13. Suppose 28 = d + d. Suppose h*a - 2*a = d. What is the units digit of a?
7
Let k = -2 + -3. Let n(w) = w**3 + 5*w**2 - w - 1. Let s be n(k). Suppose f + 2 = 3*y - 0, s = 3*f + y. What is the units digit of f?
1
Suppose 0 = -h + 5*h - 68. What is the tens digit of 3 + (-6)/1 + h?
1
Let m(x) = 29*x - 5. Let t be m(5). Suppose 0 = 7*o - 2*o - t. Suppose 0 = 5*z - z - o. What is the units digit of z?
7
Let m = 171 - 97. What is the tens digit of m?
7
Let x = 87 - 43. What is the units digit of x?
4
What is the hundreds digit of (-3)/(-3)*2 + 104/1?
1
Let j(d) = -d - 1. Let q be j(5). Let s(i) = -i**3 - 7*i**2 - 7*i + 3. Let a be s(q). What is the units digit of (3 + 1)/(6/a)?
6
Suppose -29*j + 9 = -26*j. What is the units digit of j?
3
Let r = 10 - 16. Let t be 4/r*(-26 - -5). Suppose -3*b = -1 - t. What is the units digit of b?
5
Let m be (-8)/1*(-1)/1. Let n be (-4)/16 + 2/8. Let j = n + m. What is the units digit of j?
8
Suppose 0*j - 4*v + 16 = 2*j, 4*j + 3*v = 22. Suppose 0 = 3*i - 15. Suppose -3*d + i*y + 11 = -20, -j*y - 29 = -3*d. What is the units digit of d?
7
Suppose -2*h - 4*i = -3*h + 51, -3*h - i = -88. Let u = 0 - -2. Suppose -2*q + h = 3*r, u*q + 47 = 5*r + 3*q. What is the units digit of r?
9
Let l be -1 - -1*(-4)/(-1). Let x be 2/(-8) + l/12. Suppose -2*k = -4*j - 22, x*j - 5*j = 3*k - 22. What is the units digit of k?
9
Let b(q) = 6*q**2 - 4*q - 1. Let w(v) = 5*v**2 - 3*v - 2. Let a(h) = -4*b(h) + 5*w(h). Let c be a(0). What is the units digit of -2 + (c/3 - -8)?
4
Suppose -3*t - 3*k = -5*t + 558, t = 5*k + 279. What is the hundreds digit of t?
2
Suppose 4*v = 5*m + 39, 0 = 4*v - 2*m - 12 - 30. What is the units digit of 2*v/2 + 0?
1
Let g(n) = n**3 + 7*n**2 - 1. Let a be g(-7). What is the tens digit of (30 - -1) + 3 - a?
3
Suppose -45 = -p + 45. Let t be (4 - -1)*p/(-25). Let s = -13 - t. What is the units digit of s?
5
Suppose -389 = -4*y - 5*k, y + 3*k = 4*y - 312. Suppose -2*h - y = -3*u, 5 = -6*h + h. What is the units digit of u?
3
Suppose -w - 3*v + 17 = 0, w - v = -w + 48. What is the units digit of w?
3
Let h(m) = 2*m**2 + 1. Let s be h(1). Suppose 0*l + 48 = s*l. What is the tens digit of l?
1
Suppose 3*u - 2*u - 137 = 2*c, 15 = 5*c. Suppose u = 5*m + 4*h, -4*h - 4 = -12. What is the tens digit of m?
2
Suppose -4*x + 0*x - 60 = 0. What is the units digit of ((-4)/6)/(5/x)?
2
Suppose r = 3 + 12. Let o be (18/r)/(2/5). Suppose -5*k = -4*z + 11 + o, 4*z + 4*k - 32 = 0. What is the units digit of z?
6
Suppose 0*l = l - 16. Let q(h) = h**3 + 2*h**2 - 3*h + 4. Let b be q(-3). Suppose b*r = 5*d + r - 40, -2*d = 5*r - l. What is the units digit of d?
8
Let y = 3 + -2. What is the units digit of 16 - 4 - y*-1?
3
Let z = 52 - -31. What is the units digit of z?
3
Suppose -170 = -4*x + 650. What is the units digit of x?
5
Let d(n) = 7*n**3 + n - 1. Let s(q) = 2*q - 3. Let a be s(2). Suppose -4*m + a = -3. What is the units digit of d(m)?
7
Let i(x) = -x - 1. Let s(d) = d**2 - 6*d + 2. Let v(f) = -f**2 - 7*f - 6. Let g be v(-5). Let b be s(g). What is the units digit of i(b)?
5
Let l = 17 - 34. Let g = 27 + l. What is the units digit of g?
0
What is the units digit of 7*(-1)/(-7)*68?
8
Let p(v) = -v**2 - 4*v - 6. Let o be p(-4). Let r = 7 + o. What is the units digit of r?
1
Let p = 5 - 2. Suppose -4*s = s + 20, -3*v = p*s + 27. Let g = 8 + v. What is the units digit of g?
3
Suppose p + 0*p = 3. Suppose 4*c - p*c - b = -1, 0 = -5*c + 3*b + 5. Suppose -5*w + c + 1 = 0. What is the units digit of w?
1
What is the units digit of (1*3)/((-24)/(-40))?
5
Suppose 3*l = -3, 3*o + 0*o - 236 = 5*l. What is the tens digit of o?
7
Let d be 8/(1 + 3 + -2). Let s be (-19)/(-4) + 1/4. Suppose -v - s*f + 34 = 0, 4*f + 21 = d*v + f. What is the units digit of v?
9
Suppose -2*g - 5*y = g - 40, 5*g - 80 = -5*y. Suppose 3*n + g = 47. What is the units digit of n?
9
Suppose -3*o = -3*d - 309, -5*d = -4*d. What is the tens digit of o?
0
Let q be (3 - 0)/(3 + -2). Suppose 14 = q*g + 11. What is the units digit of g?
1
Suppose 0 = 5*t - 3*d - 2*d - 30, 0 = -t - 2*d + 6. Let r be (-4)/(-10) - 18/(-5). Let b = t - r. What is the units digit of b?
2
Suppose a - 4*a + 3 = 2*o, 4*o + a - 11 = 0. Let f be 183/(-12) + (-4)/(-16). What is the units digit of f/(-4) - o/(-12)?
4
Let w be (-6)/4*(-70)/15. Let h = 9 - w. What is the units digit of h?
2
Let k(v) = v**2 + 7*v + 10. Let n be k(-7). What is the units digit of 54/n - (-3)/5?
6
Let y = 6 - -90. What is the units digit of y?
6
Let m(f) = 40*f - 5. Let j be m(4). What is the tens digit of (-1)/3 - j/(-15)?
1
Let n(v) = 2*v**3 - 3*v**2 + 2*v - 1. What is the units digit of n(2)?
7
Let z(n) = 3*n + 2. Let r be z(1). Suppose w + w = 8. Suppose -v = 3*s + 2*v - 30, r = -3*s + w*v. What is the units digit of s?
5
Let f(y) = -2*y + 2. Let h(t) = -3*t + 1. Let m(j) = -4*f(j) + 5*h(j). What is the units digit of m(-2)?
1
Let i = -3 - -7. Let x = i + 0. Let h = -3 + x. What is the units digit of h?
1
Let g = 9 + -4. Suppose 3*l - 17 = -2*p, -5 = -g*l - 0. Suppose 5*c - 18 = p. What is the units digit of c?
5
Suppose 2*u - 5*v + 11 = -2*v, 3*u + 16 = 4*v. Let d = 0 - u. Suppose 1 = 3*p - 2*m - 3, -8 = -2*p - d*m. What is the units digit of p?
2
Suppose 5*f + 5*v = 840, -5*f + 0*f = v - 852. What is the tens digit of f?
7
Let n be (-20)/(-15) - (-2)/3. Suppose 48 - 2 = n*k. What is the units digit of k?
3
Let v(w) = w**3 - 9*w**2 + w - 3. Let o be v(9). Let s(d) be the third derivative of d**5/60 - d**4/8 - d**3/6 + 2*d**2. What is the tens digit of s(o)?
1
Let j be (6/(-8))/(6/(-24)). Suppose -2*v - 44 = -j*v. What is the units digit of v?
4
Let q(z) = 4*z**2 - 6*z + 7. What is the hundreds digit of q(6)?
1
Let a = -7 - -11. Suppose a*q + q = 25. Suppose 29 - q = 2*g. What is the units digit of g?
2
Let l be ((-12)/(-21))/(2/7). Suppose 0 = 5*i - 4*z - 30, l*z + 2*z = i - 22. Suppose -i*c + 0*u + 2*u = -22, -4*c = -2*u - 48. What is the tens digit of c?
1
Suppose -3*n + 446 = -2*a, n - 2*a - a = 137. What is the units digit of n?
2
Suppose y = 3*v - 71, 9*y - 4*y + 105 = 5*v. Suppose 21 + v = 2*i. What is the units digit of i?
3
Let a(h) = -3*h + 2. Let f be a(2). Let k(w) = -w**2 - w + 1. Let x(o) = 2*o**2 + 6*o - 6. Let n(c) = f*k(c) - x(c). What is the units digit of n(2)?
6
Suppose 2*r + 1 = 13. Suppose t = r*t - 190. Let x = t + -22. What is the units digit of x?
6
Let f(z) = -21*z + 31. Let y(g) = -5*g + 8. Let q(m) = 2*f(m) - 9*y(m). What is the tens digit of q(9)?
1
Let w(t) = t**3 + 6*t**2 + t + 4. What is the hundreds digit of w(5)?
2
Let j(b) = b**3 - 8*b**2 + 3*b + 2. Let i be j(8). Let k = -15 + i. What is the tens digit of k?
1
Suppose 4*w + 32 = 2*n, 2*n - 5*w - 52 = -2*n. Let f = n - 4. What is the units digit of f?
4
Let i(u) = -3*u**3 - 2*u**2 + u + 3. Let v be i(-3). Suppose 0 = 2*z + z - v. What is the units digit of z?
1
Suppose 5*h + 308 = 7